late the highest common divisor of 48 and v.
12
Let r be ((-4)/2*-2)/((-8)/(-52)). Suppose -3*u + 2*x = -u - r, -4*u - x = -47. Calculate the greatest common divisor of u and 3.
3
Let q(c) = -13*c + 2. Let i be q(-2). Let t be 26/4 + (-10)/(-20). Calculate the highest common divisor of i and t.
7
Let s be 3/2*(-10)/(-3). Let u be (-6)/(-8) + (-217)/28. Let l(m) = 2*m**2 + 6*m - 1. Let p be l(u). Calculate the highest common divisor of s and p.
5
Let v(n) = -n**2 - 12*n - 10. Let b be v(-6). What is the greatest common factor of b and 52?
26
Let u(v) be the third derivative of v**5/15 - v**4/8 - v**3/6 + 19*v**2. Let l be u(5). What is the greatest common factor of l and 12?
12
Suppose -2*s = 2*p + p + 10, 2*s = 5*p - 10. Let r be (3 + 0 - p) + 5. What is the greatest common divisor of r and 56?
8
Suppose -10*v = k - 5*v - 86, 0 = 2*v. What is the highest common factor of k and 1376?
86
Let h = -1204 + 1425. Calculate the highest common factor of h and 39.
13
Let t be (-7 - 7)/14*-1*4. What is the greatest common divisor of t and 70?
2
Let k = 14 - -94. Let p = -3 - -2. Let j = p - -13. What is the greatest common factor of k and j?
12
Let q be (15/(-9) - -1)*(5 - 56). What is the greatest common factor of q and 544?
34
Let k = -100 + 188. Suppose -23*u = -19*u - 44. Calculate the greatest common divisor of u and k.
11
Let v(w) = 281*w**2 + 3*w + 2. Let a be v(-1). Let j = -774 + a. Let f be (-8)/14 - j/7. What is the highest common divisor of f and 14?
14
Let a(k) = -2*k**3 + 2*k**2 - k + 4. Let i be a(2). Let b be 96/20*(-15)/i. What is the highest common divisor of b and 24?
12
Let i be (-4 - -10)/(3/2). Suppose -n = -i*u + 181, -10 = -n + 3*n. Let w = 29 - 25. What is the highest common factor of u and w?
4
Suppose u + f = 662, 2*u + 4*f = -704 + 2032. Suppose -6*l = 5*l - u. Calculate the greatest common divisor of 36 and l.
12
Let j be 62036/130 - (1 + 0)/5. Let n = -249 + j. What is the highest common factor of n and 12?
12
Let k be 2/10 + (-178)/(-10). Let i = -55 - -46. Let f be (-83)/i - (-32)/(-144). Calculate the greatest common divisor of k and f.
9
Let t be (-348)/16 - (-1)/(-4). Let m = t + 18. Let v(k) = -k**3 - 2*k**2 + 5*k. Let l be v(m). Calculate the greatest common divisor of 12 and l.
12
Suppose -2*j + j + 121 = 4*o, j - 112 = 5*o. Suppose 2*z + 33 + j = l, 5*z = 10. Calculate the highest common divisor of 14 and l.
14
Let f be 164/(1/3*15/10). Let n = f + -218. Suppose v - 2*x = 32, 2*x + 0*x = -2*v + 34. What is the highest common divisor of v and n?
22
Suppose -4*t - 5*k + 8326 = 3003, 5*t - 5*k = 6710. Calculate the highest common factor of 7 and t.
7
Let c(r) = -r**2 + 3*r + 4. Let x be c(3). Suppose 4*l + 3*p - 8 = -2*p, x*p + 10 = 5*l. Suppose 1 + 7 = l*h. Calculate the highest common divisor of 16 and h.
4
Let n = -187 - -191. What is the greatest common divisor of n and 172?
4
Let m be (-2 - 1 - -51) + 4. Let q be (-5)/(100/576)*5. Let a be (-32)/q - (-230)/18. Calculate the highest common factor of m and a.
13
Let c = -36 - -37. Let a be (-7 - -6)*(-18 + c). What is the greatest common divisor of 68 and a?
17
Suppose 0 = 15*z - 18*z + 33. Let g be (1/2)/(z/352). What is the highest common divisor of g and 176?
16
Suppose 6*h - 10 - 326 = 0. Calculate the highest common factor of 252 and h.
28
Let s(r) = -r**2 + 11*r - 15. Let k be s(5). What is the highest common divisor of 60 and k?
15
Let k be (-6)/21 + (-508)/(-14). Suppose 2*o - k + 6 = 0. Let r = 20 - 10. What is the greatest common factor of o and r?
5
Suppose -5*v - 16 = -4*z, 3 = -3*z + 2*v + 15. Suppose -z*a + 90 + 110 = 0. What is the highest common divisor of a and 125?
25
Let g(j) = 4*j**2 - 161*j - 105. Let i be g(41). Let f(s) = s**3 + 11*s**2 + 9*s - 7. Let c be f(-7). Calculate the greatest common divisor of i and c.
18
Let m(f) = -15*f - 7. Let l be m(-5). Let x be l/8 - 2/4 - 1. What is the greatest common factor of x and 49?
7
Let z = -18 + 23. Suppose -z*u + 0*u + 55 = 0. Let f = u + 6. What is the greatest common factor of f and 136?
17
Suppose 32 + 13 = 5*b. Let w be 0/(9/(45/10)). Let o be 9 - (w + -3)*(-4)/4. Calculate the highest common divisor of o and b.
3
Let x be (3*2)/(-12*6/(-48)). Let r be 86/x - ((-11)/(-2))/(-11). Calculate the highest common factor of r and 121.
11
Let n(x) = x**3 - 3*x**2 - 3*x - 1. Let a be n(4). Let p be (6 - 3)*a/(-6)*-216. Calculate the greatest common factor of 36 and p.
36
Let z(a) = a**2 - 4*a - 8. Suppose -11 = -2*i + c, i = -c - 1 + 8. Let m be z(i). Calculate the highest common divisor of m and 28.
4
Let p = -11 + 46. Let r be (-2)/((-5)/p - 0). What is the highest common factor of r and 126?
14
Suppose -3*x + 9 = 0, 4*r + 3*x + 12 = 5*r. Let d be 14/(-2 + 3)*1. Calculate the highest common factor of r and d.
7
Suppose 2*j = -2*q + 16, 3*q - 32 + 11 = -2*j. Suppose -q*s - 5 + 65 = 0. Let i = 463 - 445. What is the greatest common divisor of i and s?
6
Let a(q) = q**2 - 28*q + 33. Let o be a(24). Let c = 93 + o. What is the greatest common divisor of 6 and c?
6
Let d = 19 + -21. Let w be 50/20 + d/4. What is the greatest common factor of 10 and w?
2
Let c(d) = 9*d**2 + d. Let r be c(1). Let x = r + -10. Suppose x = 4*g - 5*t - 68, 2*g + 5*t = 3 + 1. Calculate the greatest common factor of 108 and g.
12
Let y = -17 - -16. Let f(j) = 4*j**2 - j. Let i be f(y). Suppose -2*d - i*k - 26 = -62, 2*k = -8. What is the greatest common divisor of d and 4?
4
Suppose -15*n - 1856 = -11*n. Let b = -670 - n. Let x be -3 - (b - (2 - 5)). What is the highest common factor of 25 and x?
25
Suppose 5857 = 12*h + 1213. What is the highest common divisor of h and 43?
43
Let q(v) = 3*v**3 - 3*v - 14. Let f be q(3). Calculate the highest common divisor of f and 1102.
58
Let q = -37 - -52. Let n be (7 + 1)/(2/q). Let b be (0 - -19) + 6/3 - (-1 - 2). Calculate the greatest common factor of n and b.
12
Suppose 3*o - 449 - 61 = -5*p, o + 391 = 4*p. Let b = p - 64. What is the highest common factor of 7 and b?
7
Let p be 1/(-1) - (0 - 12). Let o = 21 - p. Calculate the greatest common factor of o and 50.
10
Suppose -4*w = l + 43, 1 = -2*w - 1. Let x = 61 + l. Let v = -260 + 502. What is the highest common divisor of v and x?
22
Let d(z) be the first derivative of 8 - 19*z - 9/2*z**2 + 1/3*z**3. Let p be d(11). Calculate the highest common divisor of 27 and p.
3
Let g = 10 + 4. Let u(d) = d**2 + 6*d - 2. Let q be u(6). Calculate the highest common divisor of g and q.
14
Let y be (-2)/(-10) - (-98)/10. What is the greatest common divisor of 125 and y?
5
Suppose 55*q = 52*q - 2*b + 34, 0 = 4*q - 5*b - 30. Calculate the greatest common divisor of 8 and q.
2
Let l(q) = 17*q**2 - 3*q - 2. Let z be l(2). Suppose -3*n + z = i, 4*n = 4*i - 5*i + 81. What is the greatest common factor of 189 and n?
21
Let d(s) = 211*s**2 - 3*s + 2. Let m be d(1). Suppose 8*n - 2*n = m. What is the greatest common divisor of n and 35?
35
Suppose 3*i + 2*i = -90. Let a be 24/i*66/(-4). What is the highest common divisor of a and 55?
11
Suppose -3*p + 50 = -5*d, 30 = 4*p - 3*d - 33. Let j(s) = -25*s - 11. Let q be j(-3). Suppose -41 - q = -t. What is the greatest common divisor of p and t?
15
Let y = -624 - -649. Calculate the greatest common factor of 1075 and y.
25
Let o be (12 - 11)/((-1)/163). Let z = -64 - o. Calculate the greatest common factor of 22 and z.
11
Suppose 29*z = 36*z - 168. What is the greatest common divisor of 88 and z?
8
Let x = 298 - 77. Calculate the greatest common divisor of x and 17.
17
Suppose -20 = -7*s + 2*s. Suppose 5*l - 40 - 332 = 3*k, -s*l + 297 = -3*k. What is the greatest common factor of 30 and l?
15
Let k = -148 - -123. Let f be -1*(k - (-5 + 5)). Let p be (4/(-2))/(4/(-10)). Calculate the highest common factor of f and p.
5
Suppose -j = 2*z - 2 - 3, 3*z - 15 = j. Let p(x) = 2*x**2 + x - 11. Let b be p(5). What is the greatest common factor of b and z?
4
Suppose -n + 145 = 3*n - 5*i, -n - 5*i = -55. Let g = -9 + 12. Suppose -4 = g*r - 34. Calculate the highest common factor of r and n.
10
Let y be 16*1/3*525/25. Calculate the highest common divisor of y and 32.
16
Let f(p) = 9*p + 16. Let b be f(16). Let z(d) = -10*d - 44. Let j be z(-6). Calculate the greatest common divisor of b and j.
16
Suppose 5*v - 4*f - 25 = 1